is the value of -376 + 359 - (0 + 5 + -5 + 12)?
-29
What is 43 + (-23 - (-16 - 7)) - -6?
49
What is 8 + -91 + 233 - 36?
114
What is -68 + (32 + -37 + -17 - (0 + 1))?
-91
-50 - (-42 - -65) - -65
-8
-576 + 441 + (-9 - -40)
-104
Calculate 79 - (-37 + (19 - -177)).
-80
What is the value of -9 + -16 + (11 - -1)?
-13
4 + -19 + 31 + -28 + 34
22
What is (-4 + -3 - ((43 - 60) + 5)) + -25?
-20
20 - (19 + (-12 - -54))
-41
Calculate (21 - (1 - -25)) + 22 - 15.
2
Evaluate 15 - (-20 - -41) - (-79 + 0 - 1).
74
What is the value of 8 + (1 - 2) - (-25 + (-41 + 49 - -14))?
10
19 - (36 + 12 + (-26 - 0))
-3
What is the value of (-5682 - -5686) + (-2 - -109 - (-2 + 4))?
109
What is the value of 11 - (-17 - -2 - (-8 - (0 - 4)))?
22
What is 42 + (-6 - (-4 + 11 + -20 + 13))?
36
9 + (2 - 10) + 1 + 8 - (260 + -229)
-21
What is (-3 - -2) + -17 + 13 + 3 - 24?
-26
Evaluate -2 + (-6 - (-7 + 2 + 0)) + -48 + 111.
60
Calculate -10 - -27 - (-287 + 153).
151
What is (34 - 37) + (2 - 1) - (12 - 62)?
48
What is -946 + 902 + (1 - -61)?
18
Calculate 159 + (-167 - 19) - 91.
-118
Calculate (37 - 52) + -3 + -20.
-38
Evaluate -53 + 22 + 36 + 56.
61
What is (-26 + 73 - 143) + 59?
-37
What is (-3 - -7) + -3 + (2101 - 2091)?
11
Evaluate 74 + (-94 - -48) - 16.
12
What is -32 + 28 - ((63 - 2 - (3 - 5)) + 4)?
-71
What is 51 - 12 - (-17 + 7)?
49
What is -1 + -44 + (-49 - -103) + (12 - -2)?
23
What is -103 + 114 - (16 - (-10 + 6 + 5))?
-4
What is 7 + (-1 - (14 + -29)) + -21?
0
29 + 2 - -1 - (3 - (-36 - 0) - 32)
25
Calculate -33 - (67 + (3 - 40) + -12).
-51
(-2 - -2) + (-2 - (106 + 0)) - (-1987 - -1991)
-112
Evaluate (-16 - 20) + 6 - (-174 + 81).
63
-54 + -98 + 193 + -4
37
-14 + (-24 - -3) + (-5 - -138 - 62)
36
11 - (45 + -45) - (94 - 10)
-73
Evaluate (0 - 56) + 89 + 69 + -140.
-38
What is -4 - (15814 - 15818 - (-1 - (-48 - (0 - -1))))?
48
Evaluate (91 - -33) + (142 - 179).
87
Calculate 76 + (-393 - -277) + -1 + 7.
-34
-9 - (10 - (4 - (-2 + 22 - 9)) - -7)
-33
Evaluate -17 - 0 - (1023 + -1013).
-27
What is the value of 47 - (88 + -30) - (22 + 3)?
-36
(8 - 37) + -19 + -5 + 10
-43
Calculate 94 + -67 - (-47 - -11).
63
What is 590 - 607 - (-20 + 11 + -1 + 3)?
-10
Calculate 14 + 57 + -48 + 18.
41
Evaluate 6 + (3 - (-6 - -4)) - 16.
-5
Calculate 11 - 12 - (-2 - 1) - ((24 - 41) + 14).
5
What is the value of (-25 + -13 - -42) + (1 - 3) + 7?
9
What is the value of 99 - (-73 + (147 - 77))?
102
Evaluate -27 + 14 + (13 - 25) + 31.
6
What is the value of (67 + -13 - (46 + -17)) + (10 - 0)?
35
Evaluate -254 - (-60 - 86) - (0 + 2 + -14 + -1).
-95
Calculate 26 + (-1 - 27 - ((29 - -8) + -52)).
13
What is -37 + (-21 - (-63 - 0))?
5
Evaluate 60 + 7 + 11 + (1 - 1) + -20.
58
Calculate -3 + (25 + (11 - 28) - -8).
13
What is (-40 - 8) + -10 + -125 + 30?
-153
What is the value of 116 + (-4 - 5) + (-41 - -33 - -9)?
108
What is -78 - -93 - -72 - -10?
97
What is 78 + -72 + -24 - -84?
66
Evaluate -8 - (-72 + 105) - -72.
31
What is the value of (-3 + 2 - 4 - (-58 + 45)) + -2?
6
Evaluate (3 - 24 - 10 - -20) + -16 + 1.
-26
Evaluate -54 + 12 - -62 - (2 - 4 - 1).
23
-37 + 3 - -19 - (-9 + 1) - -10
3
Evaluate 41 - (-16 - -10 - -24).
23
-4 - -1 - (-47 + 46 + (-13 - -1) + -70)
80
-10 + -17 + 4 + 8 + 24
9
Calculate -45 - (-49 + 122) - -57.
-61
(1 - -3) + (-8259 - -8185)
-70
Evaluate 22 + 1 + (23 - 56) - -13.
3
6 + -49 + 27 + -83
-99
What is the value of 1 - (74 + -72 - (1 + -6)) - -1 - -20?
15
Evaluate -37 - 10 - (8 + 4).
-59
7 + (-96 + -3 - ((27 - -11) + -49))
-81
What is -53 - (5 + -3 + 3 + -9) - (79 + -74)?
-54
Evaluate 46 + (21 + -38 - 9) + 48.
68
What is the value of -2 + (25 + 18 - 49)?
-8
Evaluate -63 - (17 - (25 - -29)).
-26
50 + -85 + 50 + (-22 - -2) - (1 + 12)
-18
What is (-18 - (17 - 20) - -72) + (2 - 2 - 3)?
54
What is the value of 48 + (-15 + 14 + 15 + -14 - 15)?
33
7 + -37 + (-3 - -9 - 53)
-77
What is -32 - (76 + (26 - 52) - 24)?
-58
What is the value of 53 + -21 + -73 + 49?
8
What is the value of 3 + -12 - (-18 + 73 + -4)?
-60
Calculate (-31 + 7 + 62 - -15) + -28.
25
29 + 6 - (-17 - (53 + -87))
18
What is the value of (3 + -8 - -16) + (-1 - 4) + -34?
-28
Calculate (-1 - 0 - (-3 + 1) - 14) + (72085 - 72074).
-2
Evaluate (28 - (-12 - -24) - 34) + 0 + 78.
60
Calculate -715 + 667 + (-2 - -70).
20
Calculate -1 + (-87 - -39) + (0 - -10).
-39
What is the value of (609 - 573) + (-1 + 0 - (-2 + 14))?
23
What is (-10 - 43 - (51 - 31)) + -26?
-99
Evaluate -24 - (-2 + -41) - (53 - -3).
-37
What is -8 + (3 - (0 + 14)) - (40 - 45)?
-14
What is 4 - (41 - (17 + -6)) - 22?
-48
3 + 36 - (-891 + 990)
-60
Evaluate 16 + 4 - (-8 + 37 + -42).
33
Evaluate (-68 - -143) + -27 - 42.
6
(-21 - (-20 + 2) - -13) + 11 + -82
-61
Calculate (-26 + 16 + 11 - -11) + -3.
9
Evaluate (169 - 87) + -51 - (3 + -43).
71
What is -48 + 40 + 15 - 21?
-14
(-4 - 11) + (81 - (21 - 6)) - -15
66
Evaluate 44 + ((-23 - -16) + -6 - 7).
24
What is (2 - 3) + 167 + -106 + -12?
48
What is the value of 13 + -12 + (0 + -2 - 1) + -403 + 441?
36
-107 + -68 + 68 - -50
-57
What is the value of (10 - (-1 + 16 + -3 - (-4 - -14))) + 23?
31
Calculate 5 + (9 - ((-3 - -1) + (1 - -63) + 24)).
-72
What is the value of 219 + -91 + -118 + (-59 - -4 - (1 - 1))?
-45
What is the value of (50 - 13 - -26) + -70?
-7
Evaluate 38 - 30 - (-1 + -5 - -9).
5
-8 - (-43 + 92) - -94
37
What is the value of (-1 - (16 + -11 + -1)) + -23?
-28
What is 34 - -2 - (27 + 6 + -8 + -43 + 29)?
25
What is the value of -8 + -1 + (-104 - -127) + -30 - 74?
-90
What is (15 - 51) + (64 - 60) + (0 - 1) + -6?
-39
Evaluate 52 + -42 - (4 + -72).
78
Evaluate 32 - (-40 + 16 + 24).
32
What is the value of 13 + -20 - (18 + -8) - (1 + -164)?
146
Calculate 8 + (6 - 5) - (-27 + 19) - -4.
21
Calculate 242 - 246 - (53 - 0) - (11 + -1 - 1).
-66
What is 45 + -3 + (2562 - 2604)?
0
What is the value of 29 - (-22 + 31) - 8 - (2 + (1 - -23))?
-14
Evaluate 3 + -5 + -309 + 336.
25
What is the value of (-1 - -2) + (62 - 4 - 48)?
11
What is 386 + -411 - (2 - 55)?
28
Calculate -2 + (-22 + -38 - (3 + -3)) + (-2 - -11).
-53
Calculate (117 - 1 - (-152 - (156 - 307))) + 9 + 1.
127
Evaluate 17 + ((30 - 28) + (-21 - -3) - -16).
17
Evaluate 13586 + -13568 + 1 + (0 - 43).
-24
What is the value of (-33 - (-32 + (-22 - -24))) + (2 - (2 + 13))?
-16
Evaluate 24 + (-11 + -23 - -21).
11
What is the value of 19 + (-7 - 8 - -12) + -13 + -8?
-5
Evaluate 7498 + -7448 - (-72 + -1).
123
-18 - (-25 - (-19 - -4)) - -16
8
-64 + 55 - (91 + -10)
-90
-74 + 75 + -39 - -24
-14
Calculate 79 + (-46 - -61 - 43).
51
98 + -35 - (98 + 28)
-63
Calculate -92 + (0 - -54) + 46.
8
Evaluate 33 + -8 - (-1 + 6 + (-26 - -33)).
13
What is (-1 - -16) + -829 + 815 - 59?
-58
Calculate 82 - 18 - ((-6 - -5) + (6 - 2)) - 10.
51
Evaluate -2 + -16 + 38 + -69 + 45 - 56.
-60
-5 + (-106 + 104 - (-1 - -4 - 0)) - 33
-43
Evaluate -15 + (-4 - -3) + (36 - (-17 + 38)).
-1
-102 + (-3 - -4 - 11) + (10 - 9)
-111
What is the value of -3 - 1 - (-34 + 46 + -30)?
14
37 + -19 - -2 - 6
14
-3 + 1 + -20 + 1 - (-7 - 1)
-13
Evaluate -86 + 54 + -37 + 27.
-42
Evaluate -78 + -8 - (1593 + -1647).
-32
Calculate (23 - (-11 + 28) - 19) + -34.
-47
What is the value of (3 - (13 + 0 + -3) - -13) + -11?
-5
What is 27 + 10 + 2 + -38 - -33?
34
Calculate 47 + (77 - 138) + -96.
-110
Evaluate (-4 - 16 - (-426 - -405)) + (-6 - -19).
14
-47 + (-47 - -75) - ((43 - -1) + -3)
-60
What is the value of 11 + (27 - (-31 - (27 - 66)))?
30
What is the value of -6 + (-9 - -2) - (54 + -59)?
-8
What is the value of 40 - -29 - 52 - (-5 - (7 + -3))?
26
What is the value of 4519 - 4578 - (-1 - 68)?
10
-55 + 64 + 21 + 20 + -3
47
Calculate 0 + (4 - 67) + (2 - (21 + -24)).
-58
What is 115 + (1 + -57 - -1)?
60
Evaluate (-1 - 0) + (42 - 108 - -16).
-51
(45 - 68) + 14 - ((3 - 5) + 10 + -3)
-14
Calculate 60 + -63 + 18 + -2 + -35.
-22
28 + (0 - -1) - (24505 + -24519)
43
20 + (-47 - (-51 + 85))
-61
What is 3 + -3 + 1 + -35 + 4941 + -4938?
-31
-42 + -26 + (11 - -15)
-42
-151 + (242 - 79) + (1 + -1 + -1 - 18)
-7
Calculate (47 - (18 + 17)) + -38 - 13.
-39
Calculate -14 + -52 + 68 - (15 - (-3 + 4)).
-12
Calculate 4 - -4 - (8 - ((8 - 41) + -13)).
-46
What is the value of -3 + (-26 - -90) - (32 - -5)?
24
(15 - 47 - -50) + 3
21
37 + (1 - (-1 + -28 + 25))
42
Calculate (55 - -1) + 1 + (-339 - (208 - 537)).
47
What is the value of 2 + -36 - ((62 - 13) + -53)?
-30
Ev